aa20?
402a982
In base 13, what is 87 + 3cb22?
3cba9
In base 13, what is -1b0c + -751c?
-932b
In base 9, what is -1636848 + -8?
-1636857
In base 12, what is 60b + 1101?
1710
In base 11, what is -3383 - -1149a6?
111623
In base 3, what is -10200110211 - 10201?
-10200121112
In base 12, what is 5488390 - 0?
5488390
In base 12, what is 120a7b - -22?
120aa1
In base 15, what is 50d7 + 1192?
6279
In base 4, what is -210321221 - 13003?
-211000230
In base 16, what is -a6 + -1e4f4e?
-1e4ff4
In base 2, what is 1011010100000101001100111000 - 10?
1011010100000101001100110110
In base 4, what is -1231231201202 + 3?
-1231231201133
In base 8, what is 1575214 + 16?
1575232
In base 11, what is -20a8 - 81534?
-83631
In base 15, what is -1b05b44 - -d?
-1b05b36
In base 11, what is -2983 + -3782?
-6655
In base 14, what is 89d0ab6 - 1?
89d0ab5
In base 16, what is 6c - d27a?
-d20e
In base 7, what is -14 + 232604026?
232604012
In base 7, what is -106364 + -3055?
-112452
In base 11, what is -8 - -49630?
49623
In base 14, what is -3 - -bd6a3d?
bd6a3a
In base 8, what is 52362 - 2201?
50161
In base 9, what is 4 + -47481215?
-47481211
In base 9, what is -6645 + -35806?
-43552
In base 8, what is 500 - 1034170?
-1033470
In base 6, what is -435353 + 1311?
-434042
In base 15, what is b65a + 5ce?
bc39
In base 2, what is 10000111 + -10000111110001110111?
-10000111101111110000
In base 13, what is -ba1 + 5b25?
4c54
In base 14, what is 22 - -3956?
3978
In base 3, what is -1120112111221 - 20?
-1120112112011
In base 3, what is 2211 - -21111010222?
21111020210
In base 12, what is 450 + 74433?
74883
In base 7, what is -1241566 + 66?
-1241500
In base 4, what is -32033131023 + -3?
-32033131032
In base 6, what is -1 - -11050042023?
11050042022
In base 16, what is 121001 + -48?
120fb9
In base 7, what is -66645 + 5435?
-61210
In base 12, what is -1 + 21b9b29?
21b9b28
In base 8, what is -117 - -5242244?
5242125
In base 7, what is 156053 - 224?
155526
In base 9, what is -5601485 + 5?
-5601480
In base 10, what is 5953 + -3835?
2118
In base 2, what is -10011011100 + 11101110110011?
11011011010111
In base 3, what is -111120120022001 + -2112?
-111120120101120
In base 7, what is 2461 - -1122245?
1125036
In base 10, what is -6148137 - -5?
-6148132
In base 3, what is -202010121 + 12001011?
-120002110
In base 3, what is -1001 + 12121201201?
12121200200
In base 14, what is -9 + 9cba7?
9cb9c
In base 15, what is -20b11a0 - -4?
-20b119b
In base 6, what is -223 - 3530543?
-3531210
In base 5, what is -422213 + 1112141?
134423
In base 5, what is -1003323 + 122234?
-331034
In base 14, what is 851c6 - -14?
851da
In base 5, what is -424421 - -324220?
-100201
In base 6, what is 5254513 - 54?
5254415
In base 7, what is -12201 - 1013?
-13214
In base 3, what is -10112 - 12221020111?
-12221101000
In base 8, what is 0 - 6010562?
-6010562
In base 8, what is 0 + -312460?
-312460
In base 16, what is -3 - -13089b?
130898
In base 15, what is 5 - -448bd46?
448bd4b
In base 7, what is -12102 - -16553?
4451
In base 15, what is 1d1 - -2d372?
2d553
In base 14, what is -b540a9 - 10?
-b540b9
In base 10, what is -201 - -1741?
1540
In base 13, what is 3 - 48a660?
-48a65a
In base 2, what is 110110 + -1110110011000010010?
-1110110010111011100
In base 13, what is -44 - -bb626?
bb5b2
In base 10, what is -362826 + -26?
-362852
In base 12, what is 1 - 222b607?
-222b606
In base 13, what is -20 - 814a53?
-814a73
In base 15, what is a - 2e03873?
-2e03868
In base 12, what is b37a865 + -31?
b37a834
In base 13, what is -1583063b - -c?
-1583062c
In base 12, what is -27a60 - 413?
-28273
In base 8, what is 163572032 + 12?
163572044
In base 3, what is -1111010021120 - -1222?
-1111010012121
In base 5, what is -4033 + -4104314?
-4113402
In base 11, what is 4108743 + 3?
4108746
In base 14, what is -6532 - 8c?
-65c0
In base 14, what is -8330 - 2c6?
-8616
In base 7, what is 1 + -515606513?
-515606512
In base 5, what is 1 + 332132423?
332132424
In base 3, what is -1 + 222001221020?
222001221012
In base 6, what is 23034 + 4240?
31314
In base 11, what is -16 - 30a073?
-30a089
In base 3, what is -2202220 + 220002012?
210022022
In base 16, what is 40f - -127b?
168a
In base 16, what is 9c2 - 4b2?
510
In base 14, what is 133d2 + -35d?
13073
In base 5, what is 102232220 + -101?
102232114
In base 13, what is -32b9c5 - a?
-32ba02
In base 7, what is -400430001 - 4?
-400430005
In base 3, what is -20 + 10200011111212?
10200011111122
In base 7, what is -3655 + -2134123?
-2141111
In base 10, what is -1365 - 5033?
-6398
In base 15, what is 2c - -52d655?
52d682
In base 13, what is -16c + 40827?
40688
In base 11, what is 4 - 485417?
-485413
In base 12, what is -155 + -3b40b7?
-3b4250
In base 16, what is -5 - -261bdc1?
261bdbc
In base 3, what is -1001022121112 + 2220022?
-1001012201020
In base 16, what is -4f26b1 - 1e?
-4f26cf
In base 10, what is -34536 - 1173?
-35709
In base 3, what is 110222101201011 + 0?
110222101201011
In base 10, what is -8426 + -11751?
-20177
In base 10, what is -60089113 - 5?
-60089118
In base 4, what is 1010122 - -202002?
1212130
In base 4, what is -2013033111 + -2?
-2013033113
In base 11, what is 162 - 49113?
-48a61
In base 5, what is -140343024 - -220?
-140342304
In base 15, what is 4ae229e + 4?
4ae22a3
In base 12, what is 1 - -89b16357?
89b16358
In base 15, what is -2e09 - 118?
-3022
In base 8, what is -656764172 + 1?
-656764171
In base 4, what is -1020 + -102310111?
-102311131
In base 10, what is 205 - -594788?
594993
In base 6, what is -1 + -22205200400?
-22205200401
In base 16, what is 75c55 - -16c?
75dc1
In base 4, what is 1 - -3021313231021?
3021313231022
In base 8, what is -6 - 10615211?
-10615217
In base 4, what is 201321033 - -13220?
202000313
In base 12, what is -121 + 1490b?
147aa
In base 4, what is -212310 + -32001302?
-32220212
In base 6, what is -3423 - 2031343?
-2035210
In base 10, what is -3 - -82659982?
82659979
In base 5, what is 3 - 4414041411?
-4414041403
In base 16, what is -6a + -b3d3?
-b43d
In base 16, what is 480171 - 1b?
480156
In base 12, what is 140 + 558086?
558206
In base 8, what is -30 - 4006172?
-4006222
In base 12, what is -29156 + b72?
-281a4
In base 4, what is 113330012 - 100203?
113223203
In base 6, what is 234335320 - -3?
234335323
In base 8, what is -4547 - 122410?
-127157
In base 2, what is -100 - -10000110000011011110010101?
10000110000011011110010001
In base 8, what is 104610037 - 3?
104610034
In base 2, what is -1 + -110101011100001101001101111?
-110101011100001101001110000
In base 13, what is -66216a + -3?
-662170
In base 6, what is -15252 - 4315?
-24011
In base 8, what is -73 + 1175372?
1175277
In base 5, what is -11100033142301 + 10?
-11100033142241
In base 8, what is -7254 + -125266?
-134542
In base 10, what is 50419 + -3003?
47416
In base 14, what is -11731 + -b68?
-12499
In base 2, what is 100100 - -101011101110011100100?
101011101110100001000
In base 6, what is -4 - -35113125152?
35113125144
In base 6, what is -403142 - 143032?
-550214
In base 9, what is -57351 + -24177?
-82538
In base 8, what is 7067250730 - -5?
7067250735
In base 7, what is -355264 + -423?
-356020
In base 15, what is 1cb7a58e + 5?
1cb7a594
In base 3, what is 2 + 20012221102122?
20012221102201
In base 4, what is -313322 + 1313213?
333231
In base 3, what is -2100010221202 - 10?
-2100010221212
In base 8, what is 10110 + -13502?
-3372
In base 10, what is -60551 + 48?
-60503
In base 10, what is -94478 - -49?
-94429
In base 9, what is 11484 - -402?
11886
In base 12, what is -40b744 - 41?
-40b785
In base 4, what is -32232311 - -3033?
-32223212
In base 4, what is -3 - 130130201323?
-130130201332
In base 15, what is -1d8a - -48e?
-18eb
In base 14, what is -2 + -b4d764?
-b4d766
In base 15, what is 0 + 2100748?
2100748
In base 12, what is 601b39b2 - 3?
601b39ab
In base 14, what is 9123a - -19?
91255
In base 3, what is -12222122000 - -1212?
-12222120011
In base 8, what is 40244552 + -11?
40244541
In base 4, what is -10033223 + -102101?
-10201330
In base 2, what is -1 - 10111011011111011100?
-10111011011111011101
In base 6, what is 2255114 + -504?
2254210
In base 2, what is -1100100 + 111001001011110001110?
111001001011100101010
In base 6, what is 2030330 - 40?
2030250
In base 8, what is -336 + -33101?
-33437
In base 8, what is 3 + -27446